ivided by 13051?
3095
What is the remainder when 64806536 is divided by 28399?
18
What is the remainder when 934788 is divided by 2096?
2068
Calculate the remainder when 33911996 is divided by 192.
188
Calculate the remainder when 304429 is divided by 1750.
1679
What is the remainder when 6777929 is divided by 22?
15
Calculate the remainder when 4321544 is divided by 5213.
5180
What is the remainder when 1370612485 is divided by 952?
949
What is the remainder when 278046 is divided by 46267?
444
What is the remainder when 498844 is divided by 482?
456
What is the remainder when 7456061 is divided by 1088?
1085
What is the remainder when 570528 is divided by 527?
314
Calculate the remainder when 876069 is divided by 405.
54
Calculate the remainder when 1572448 is divided by 623.
619
Calculate the remainder when 98273 is divided by 5172.
5
Calculate the remainder when 73471 is divided by 7948.
1939
Calculate the remainder when 13799355 is divided by 37.
20
Calculate the remainder when 4019818 is divided by 819.
166
Calculate the remainder when 3414382 is divided by 1100.
1082
What is the remainder when 14650469 is divided by 3423?
29
Calculate the remainder when 74258 is divided by 69929.
4329
Calculate the remainder when 14036 is divided by 2320.
116
Calculate the remainder when 82240491 is divided by 47.
32
Calculate the remainder when 547278 is divided by 1408.
974
Calculate the remainder when 343681 is divided by 3404.
3281
What is the remainder when 23255 is divided by 2672?
1879
Calculate the remainder when 19929271 is divided by 1631.
82
Calculate the remainder when 1442473 is divided by 360250.
1473
What is the remainder when 14897097 is divided by 75?
72
What is the remainder when 1626252 is divided by 541237?
2541
What is the remainder when 314341 is divided by 26158?
445
What is the remainder when 149974401 is divided by 1077?
1074
Calculate the remainder when 2488995 is divided by 641.
633
Calculate the remainder when 208068 is divided by 9456.
36
Calculate the remainder when 764683 is divided by 183.
109
What is the remainder when 3494060 is divided by 2717?
2715
Calculate the remainder when 15867 is divided by 596.
371
What is the remainder when 1972012 is divided by 1971958?
54
Calculate the remainder when 4606 is divided by 1474.
184
What is the remainder when 2850123 is divided by 247?
237
Calculate the remainder when 2668826 is divided by 2458.
1896
Calculate the remainder when 714830 is divided by 1610.
1600
Calculate the remainder when 837772 is divided by 209435.
32
Calculate the remainder when 32691 is divided by 32584.
107
What is the remainder when 3778200 is divided by 1259054?
1038
Calculate the remainder when 2939771 is divided by 226136.
3
Calculate the remainder when 434471166 is divided by 2629.
2626
Calculate the remainder when 52499503 is divided by 41899.
56
Calculate the remainder when 31252 is divided by 2227.
74
Calculate the remainder when 13605593 is divided by 3504.
3065
What is the remainder when 1556331 is divided by 730?
701
Calculate the remainder when 181901 is divided by 2362.
27
What is the remainder when 585843 is divided by 195281?
0
Calculate the remainder when 3853080 is divided by 6205.
5980
What is the remainder when 573502 is divided by 12463?
204
What is the remainder when 222219038 is divided by 2960?
2958
Calculate the remainder when 6565 is divided by 6505.
60
Calculate the remainder when 15243584 is divided by 27.
5
Calculate the remainder when 703268 is divided by 549.
548
Calculate the remainder when 2238488 is divided by 7966.
42
Calculate the remainder when 126230 is divided by 219.
86
What is the remainder when 48312215 is divided by 4?
3
What is the remainder when 257518687 is divided by 4153527?
13
Calculate the remainder when 9427848 is divided by 140.
108
Calculate the remainder when 9883795 is divided by 24106.
335
What is the remainder when 8427834 is divided by 886?
202
What is the remainder when 31976260 is divided by 48670?
70
What is the remainder when 113989029 is divided by 18998168?
21
What is the remainder when 38584786 is divided by 581?
576
Calculate the remainder when 6843197 is divided by 1809.
1559
What is the remainder when 3874497 is divided by 188?
5
What is the remainder when 26686232 is divided by 4347?
4346
What is the remainder when 112870 is divided by 613?
78
What is the remainder when 128903 is divided by 1900?
1603
Calculate the remainder when 1227534847 is divided by 16.
15
Calculate the remainder when 196355 is divided by 49053.
143
What is the remainder when 312029140 is divided by 41?
34
Calculate the remainder when 144698 is divided by 1790.
1498
What is the remainder when 13016910 is divided by 33?
27
Calculate the remainder when 1590756 is divided by 65.
11
What is the remainder when 2295793 is divided by 525?
493
Calculate the remainder when 40755223 is divided by 25.
23
Calculate the remainder when 602345565 is divided by 264.
261
What is the remainder when 373244787 is divided by 58?
55
Calculate the remainder when 14425 is divided by 195.
190
Calculate the remainder when 13875 is divided by 13014.
861
What is the remainder when 7880654 is divided by 26?
2
What is the remainder when 286613818 is divided by 890?
888
Calculate the remainder when 442061 is divided by 15787.
25
What is the remainder when 377401 is divided by 770?
101
Calculate the remainder when 37268 is divided by 12383.
119
What is the remainder when 644090961 is divided by 764?
761
What is the remainder when 48412 is divided by 58?
40
What is the remainder when 96422643 is divided by 20?
3
What is the remainder when 1708013 is divided by 1?
0
Calculate the remainder when 13323531 is divided by 18.
3
What is the remainder when 350983 is divided by 3774?
1
What is the remainder when 586466 is divided by 497?
6
Calculate the remainder when 100063 is divided by 24858.
631
What is the remainder when 1717235 is divided by 391?
354
What is the remainder when 941547 is divided by 11482?
23
What is the remainder when 1067389 is divided by 8148?
1
Calculate the remainder when 241675 is divided by 21966.
49
What is the remainder when 13323782 is divided by 1?
0
What is the remainder when 114835049 is divided by 570?
569
Calculate the remainder when 118141973 is divided by 34.
31
What is the remainder when 620473994 is divided by 87?
86
Calculate the remainder when 354846 is divided by 173.
23
Calculate the remainder when 3776605 is divided by 11.
8
What is the remainder when 469620 is divided by 196?
4
Calculate the remainder when 228098 is divided by 568.
330
What is the remainder when 23618 is divided by 11693?
232
Calculate the remainder when 287993 is divided by 143704.
585
Calculate the remainder when 986026 is divided by 197182.
116
What is the remainder when 1224575 is divided by 1224571?
4
Calculate the remainder when 59691916 is divided by 435707.
57
Calculate the remainder when 2662743 is divided by 174.
21
Calculate the remainder when 20044415 is divided by 11917.
21
What is the remainder when 71907 is divided by 14345?
182
Calculate the remainder when 5853081 is divided by 836153.
10
What is the remainder when 2709262 is divided by 903082?
16
Calculate the remainder when 19370 is divided by 19248.
122
What is the remainder when 64379 is divided by 5922?
5159
Calculate the remainder when 809974 is divided by 5192.
22
Calculate the remainder when 1163014 is divided by 2088.
2086
What is the remainder when 27675433 is divided by 9225107?
112
Calculate the remainder when 5601841 is divided by 507.
505
Calculate the remainder when 36651 is divided by 1522.
123
What is the remainder when 1115084 is divided by 185846?
8
What is the remainder when 131394 is divided by 14561?
345
Calculate the remainder when 530185 is divided by 527231.
2954
Calculate the remainder when 355971 is divided by 70785.
2046
Calculate the remainder when 2456947 is divided by 111.
73
Calculate the remainder when 193337446 is divided by 64445809.
19
What is the remainder when 3007 is divided by 2627?
380
Calculate the remainder when 9883552 is divided by 1110.
112
Calculate the remainder when 4059514 is divided by 148.
22
Calculate the remainder when 2463516 is divided by 2463516.
0
Calculate the remainder